{"id":4,"date":"2016-02-19T21:52:54","date_gmt":"2016-02-19T20:52:54","guid":{"rendered":"http:\/\/www.forimtech.ch\/fr\/?page_id=4"},"modified":"2016-02-20T10:37:12","modified_gmt":"2016-02-20T09:37:12","slug":"historique","status":"publish","type":"page","link":"http:\/\/www.forimtech.ch\/fr\/historique\/","title":{"rendered":"Historique"},"content":{"rendered":"<p>Forimtech SA a \u00e9t\u00e9 fond\u00e9e en 2004 \u00e0 Gen\u00e8ve (Suisse). Avec plus de 30 ans d&rsquo;exp\u00e9rience dans le domaine de la d\u00e9tection de particules au CERN (Centre europ\u00e9en pour la recherche europ\u00e9enne), les fondateurs de la soci\u00e9t\u00e9 ont d\u00e9cid\u00e9 d&rsquo;appliquer leur savoir-faire au march\u00e9 des dispositifs m\u00e9dicaux.<\/p>\n<p>La soci\u00e9t\u00e9 a consacr\u00e9 ses premi\u00e8res ann\u00e9es de recherche et d\u00e9veloppement avec comme dessein principal d&rsquo;impl\u00e9menter les d\u00e9veloppements les plus r\u00e9cents dans le domaine de la physique des particules, \u00e0 l&rsquo;imagerie mol\u00e9culaire en vue d&rsquo;une application m\u00e9dicale. Les avantages techniques et commerciaux des nouvelles technologies ont \u00e9t\u00e9 clairement prouv\u00e9s \u00e0 l&rsquo;occasion de nombreux projets nationaux et internationaux et Forimtech SA a d\u00e9pos\u00e9 de nombreuses demandes de brevets.<\/p>\n<p>En 2009, Forimtech SA est entr\u00e9e dans une nouvelle phase : acheminer ses produits sur le march\u00e9. Cette d\u00e9marche est appuy\u00e9e par une subvention du CTI (Commission suisse pour la technologie et l&rsquo;innovation) dans le cadre de son programme \u00abScience to Market\u00bb.<\/p>\n<p>En 2014, Forimtech SA a commenc\u00e9 des essais cliniques en partenariat avec le CHUV (Centre hospitalier universitaire vaudois).<\/p>\n<p>En 2015, la soci\u00e9t\u00e9 a obtenu la certification CE pour ses deux produits.<\/p>\n","protected":false},"excerpt":{"rendered":"<p>Forimtech SA a \u00e9t\u00e9 fond\u00e9e en 2004 \u00e0 Gen\u00e8ve (Suisse). Avec plus de 30 ans d&rsquo;exp\u00e9rience dans le domaine de la d\u00e9tection de particules au CERN (Centre europ\u00e9en pour la recherche europ\u00e9enne), les fondateurs de la soci\u00e9t\u00e9 ont d\u00e9cid\u00e9 d&rsquo;appliquer ..<\/p>\n<div class=\"reading\"><a href=\"http:\/\/www.forimtech.ch\/fr\/historique\/\">Continue Reading<\/a><\/div>\n","protected":false},"author":1,"featured_media":0,"parent":0,"menu_order":0,"comment_status":"closed","ping_status":"closed","template":"page-template\/full-width.php","meta":{"_monsterinsights_skip_tracking":false,"_monsterinsights_sitenote_active":false,"_monsterinsights_sitenote_note":"","_monsterinsights_sitenote_category":0},"_links":{"self":[{"href":"http:\/\/www.forimtech.ch\/fr\/wp-json\/wp\/v2\/pages\/4"}],"collection":[{"href":"http:\/\/www.forimtech.ch\/fr\/wp-json\/wp\/v2\/pages"}],"about":[{"href":"http:\/\/www.forimtech.ch\/fr\/wp-json\/wp\/v2\/types\/page"}],"author":[{"embeddable":true,"href":"http:\/\/www.forimtech.ch\/fr\/wp-json\/wp\/v2\/users\/1"}],"replies":[{"embeddable":true,"href":"http:\/\/www.forimtech.ch\/fr\/wp-json\/wp\/v2\/comments?post=4"}],"version-history":[{"count":2,"href":"http:\/\/www.forimtech.ch\/fr\/wp-json\/wp\/v2\/pages\/4\/revisions"}],"predecessor-version":[{"id":6,"href":"http:\/\/www.forimtech.ch\/fr\/wp-json\/wp\/v2\/pages\/4\/revisions\/6"}],"wp:attachment":[{"href":"http:\/\/www.forimtech.ch\/fr\/wp-json\/wp\/v2\/media?parent=4"}],"curies":[{"name":"wp","href":"https:\/\/api.w.org\/{rel}","templated":true}]}}

<p>Forimtech SA a été fondée en 2004 à Genève (Suisse). Avec plus de 30 ans d&rsquo;expérience dans le domaine de la détection de particules au CERN (Centre européen pour la recherche européenne), les fondateurs de la société ont décidé d&rsquo;appliquer leur savoir-faire au marché des dispositifs médicaux.</p>
<p>La société a consacré ses premières années de recherche et développement avec comme dessein principal d&rsquo;implémenter les développements les plus récents dans le domaine de la physique des particules, à l&rsquo;imagerie moléculaire en vue d&rsquo;une application médicale. Les avantages techniques et commerciaux des nouvelles technologies ont été clairement prouvés à l&rsquo;occasion de nombreux projets nationaux et internationaux et Forimtech SA a déposé de nombreuses demandes de brevets.</p>
<p>En 2009, Forimtech SA est entrée dans une nouvelle phase : acheminer ses produits sur le marché. Cette démarche est appuyée par une subvention du CTI (Commission suisse pour la technologie et l&rsquo;innovation) dans le cadre de son programme «Science to Market».</p>
<p>En 2014, Forimtech SA a commencé des essais cliniques en partenariat avec le CHUV (Centre hospitalier universitaire vaudois).</p>
<p>En 2015, la société a obtenu la certification CE pour ses deux produits.</p>

<p>Forimtech SA a été fondée en 2004 à Genève (Suisse). Avec plus de 30 ans d&rsquo;expérience dans le domaine de la détection de particules au CERN (Centre européen pour la recherche européenne), les fondateurs de la société ont décidé d&rsquo;appliquer ..</p>
<div class="reading"><a href="http://www.forimtech.ch/fr/historique/">Continue Reading</a></div>
